{"id":164,"date":"2025-11-18T21:34:00","date_gmt":"2025-11-18T20:34:00","guid":{"rendered":"https:\/\/fotonauk.com\/fotoprojekt365\/?page_id=164"},"modified":"2025-11-30T12:15:15","modified_gmt":"2025-11-30T11:15:15","slug":"kontakt","status":"publish","type":"page","link":"https:\/\/fotonauk.com\/fotoprojekt365\/kontakt\/","title":{"rendered":"Kontakt"},"content":{"rendered":"\n<p>Ako vas zanima kako po\u010deti 365 projekt, \u0161to je uop\u0107e 365 projekt, kako uspjeti ili neko drugo pitanje, slobodno ga po\u0161aljite, rado \u0107emo odgovoriti. <\/p>\n\n\n\n<div style=\"height:19px\" aria-hidden=\"true\" class=\"wp-block-spacer\"><\/div>\n\n\n\n<h2 class=\"wp-block-heading\"><strong>\u017dELITE NAU\u010cITI FOTOGRAFIRATI?<\/strong><\/h2>\n\n\n\n<p>\u017delite nau\u010diti fotografirati i sami krenuti u &#8220;365 projekt&#8221;?<br>Svaki foto te\u010daj ima neke svoje specifi\u010dnosti, pa je najbolje informirati se na Fotonauk web stranici i odabrati te\u010daj fotografije koji vama najvi\u0161e odgovara. <\/p>\n\n\n\n<div style=\"height:20px\" aria-hidden=\"true\" class=\"wp-block-spacer\"><\/div>\n\n\n\n<div class=\"wp-block-columns is-layout-flex wp-container-core-columns-is-layout-28f84493 wp-block-columns-is-layout-flex\">\n<div class=\"wp-block-column is-layout-flow wp-block-column-is-layout-flow\">\n<figure class=\"wp-block-image\"><a href=\"https:\/\/fotonauk.com\/category\/individualni-foto-tecaj\/\"><img decoding=\"async\" data-src=\"https:\/\/fotonauk.com\/wp-content\/uploads\/2025\/07\/individualni-tecajevi-fotonauk-744x496.jpg\" alt=\"fotonauk individualni te\u010dajevi fotografije\" class=\"wp-image-7936 lazyload\" src=\"data:image\/svg+xml;base64,PHN2ZyB3aWR0aD0iMSIgaGVpZ2h0PSIxIiB4bWxucz0iaHR0cDovL3d3dy53My5vcmcvMjAwMC9zdmciPjwvc3ZnPg==\" style=\"--smush-placeholder-width: 744px; --smush-placeholder-aspect-ratio: 744\/496;\" \/><\/a><figcaption class=\"wp-element-caption\"><a href=\"https:\/\/fotonauk.com\/category\/individualni-foto-tecaj\/\"><strong>INDIVIDUALNI TE\u010cAJEVI DIGITALNE FOTOGRAFIJE<\/strong><\/a><\/figcaption><\/figure>\n<\/div>\n\n\n\n<div class=\"wp-block-column is-layout-flow wp-block-column-is-layout-flow\">\n<figure class=\"wp-block-image\"><a href=\"https:\/\/fotonauk.com\/category\/grupni-foto-tecaj\/\"><img decoding=\"async\" data-src=\"https:\/\/fotonauk.com\/wp-content\/uploads\/2025\/08\/fotonauk-grupni-tecaj-fotografije-744x496.jpg\" alt=\"fotonauk grupni te\u010daj fotografije\" class=\"wp-image-8062 lazyload\" src=\"data:image\/svg+xml;base64,PHN2ZyB3aWR0aD0iMSIgaGVpZ2h0PSIxIiB4bWxucz0iaHR0cDovL3d3dy53My5vcmcvMjAwMC9zdmciPjwvc3ZnPg==\" style=\"--smush-placeholder-width: 744px; --smush-placeholder-aspect-ratio: 744\/496;\" \/><\/a><figcaption class=\"wp-element-caption\"><a href=\"https:\/\/fotonauk.com\/category\/grupni-foto-tecaj\/\"><strong>GRUPNI FOTOGRAFSKI TE\u010cAJEVI DIGITALNE FOTOGRAFIJE<\/strong><\/a><\/figcaption><\/figure>\n<\/div>\n\n\n\n<div class=\"wp-block-column is-layout-flow wp-block-column-is-layout-flow\">\n<figure class=\"wp-block-image\"><a href=\"https:\/\/fotonauk.com\/category\/specijalizirani-foto-tecaj\/\"><img decoding=\"async\" data-src=\"https:\/\/fotonauk.com\/wp-content\/uploads\/2017\/09\/fotonauk-fotografiranje-interijera-i-eksterijera2-744x496.jpg\" alt=\"fotonauk fotografiranje interijera i eksterijera\" class=\"wp-image-8050 lazyload\" src=\"data:image\/svg+xml;base64,PHN2ZyB3aWR0aD0iMSIgaGVpZ2h0PSIxIiB4bWxucz0iaHR0cDovL3d3dy53My5vcmcvMjAwMC9zdmciPjwvc3ZnPg==\" style=\"--smush-placeholder-width: 744px; --smush-placeholder-aspect-ratio: 744\/496;\" \/><\/a><figcaption class=\"wp-element-caption\"><strong><a href=\"https:\/\/fotonauk.com\/category\/specijalizirani-foto-tecaj\/\">SPECIJALIZIRANI FOTO TE\u010cAJEVI DIGITALNE FOTOGRAFIJE<\/a><\/strong><\/figcaption><\/figure>\n<\/div>\n<\/div>\n\n\n\n<div style=\"height:20px\" aria-hidden=\"true\" class=\"wp-block-spacer\"><\/div>\n\n\n\n<h2 class=\"wp-block-heading\"><strong>PO\u0160ALJITE NAM PITANJE ILI KOMENTAR ZA &#8220;PROJEKT 365&#8221;<\/strong><\/h2>\n\n\n\n<div style=\"height:20px\" aria-hidden=\"true\" class=\"wp-block-spacer\"><\/div>\n\n\n\n<div class=\"wp-block-contact-form-7-contact-form-selector\">\n<div class=\"wpcf7 no-js\" id=\"wpcf7-f168-o1\" lang=\"hr\" dir=\"ltr\" data-wpcf7-id=\"168\">\n<div class=\"screen-reader-response\"><p role=\"status\" aria-live=\"polite\" aria-atomic=\"true\"><\/p> <ul><\/ul><\/div>\n<form action=\"\/fotoprojekt365\/wp-json\/wp\/v2\/pages\/164#wpcf7-f168-o1\" method=\"post\" class=\"wpcf7-form init\" aria-label=\"Kontakt obrazac\" novalidate=\"novalidate\" data-status=\"init\">\n<fieldset class=\"hidden-fields-container\"><input type=\"hidden\" name=\"_wpcf7\" value=\"168\" \/><input type=\"hidden\" name=\"_wpcf7_version\" value=\"6.1.5\" \/><input type=\"hidden\" name=\"_wpcf7_locale\" value=\"hr\" \/><input type=\"hidden\" name=\"_wpcf7_unit_tag\" value=\"wpcf7-f168-o1\" \/><input type=\"hidden\" name=\"_wpcf7_container_post\" value=\"0\" \/><input type=\"hidden\" name=\"_wpcf7_posted_data_hash\" value=\"\" \/>\n<\/fieldset>\n<p>Va\u0161e ime i prezime (obavezno)\n<\/p>\n<p><span class=\"wpcf7-form-control-wrap\" data-name=\"your-name\"><input size=\"40\" maxlength=\"400\" class=\"wpcf7-form-control wpcf7-text wpcf7-validates-as-required\" aria-required=\"true\" aria-invalid=\"false\" value=\"\" type=\"text\" name=\"your-name\" \/><\/span>\n<\/p>\n<p>Va\u0161 e-mail (obavezno)\n<\/p>\n<p><span class=\"wpcf7-form-control-wrap\" data-name=\"your-email\"><input size=\"40\" maxlength=\"400\" class=\"wpcf7-form-control wpcf7-email wpcf7-validates-as-required wpcf7-text wpcf7-validates-as-email\" aria-required=\"true\" aria-invalid=\"false\" value=\"\" type=\"email\" name=\"your-email\" \/><\/span>\n<\/p>\n<p>Predmet (obavezno)\n<\/p>\n<p><span class=\"wpcf7-form-control-wrap\" data-name=\"your-subject\"><input size=\"40\" maxlength=\"400\" class=\"wpcf7-form-control wpcf7-text wpcf7-validates-as-required\" aria-required=\"true\" aria-invalid=\"false\" value=\"\" type=\"text\" name=\"your-subject\" \/><\/span>\n<\/p>\n<p>Napi\u0161ite svoje pitanje ili poruku (obavezno)\n<\/p>\n<p><span class=\"wpcf7-form-control-wrap\" data-name=\"your-message\"><textarea cols=\"100\" rows=\"7\" maxlength=\"2000\" class=\"wpcf7-form-control wpcf7-textarea wpcf7-validates-as-required form-control\" aria-required=\"true\" aria-invalid=\"false\" placeholder=\"Poruka\" name=\"your-message\"><\/textarea><\/span>\n<\/p>\n<p><span class=\"wpcf7-form-control-wrap kc_captcha\" data-name=\"kc_captcha\"><span class=\"wpcf7-form-control wpcf7-radio\"><span class=\"captcha-image\" ><span class=\"cf7ic_instructions\">Molimo, doka\u017eite da niste robot. Odaberite<span> \u0161alicu<\/span>.<\/span><label><input aria-label=\"1\" type=\"radio\" name=\"kc_captcha\" value=\"bot\" \/><svg aria-hidden=\"true\" role=\"img\" xmlns=\"http:\/\/www.w3.org\/2000\/svg\" viewBox=\"0 0 576 512\"><path fill=\"currentColor\" d=\"M259 18l-65 132-146 22c-26 3-37 36-18 54l106 103-25 146c-5 26 23 46 46 33l131-68 131 68c23 13 51-7 46-33l-25-146 106-103c19-18 8-51-18-54l-146-22-65-132a32 32 0 00-58 0z\"\/><\/svg><\/label><label><input aria-label=\"2\" type=\"radio\" name=\"kc_captcha\" value=\"bot\" \/><svg aria-hidden=\"true\" role=\"img\" xmlns=\"http:\/\/www.w3.org\/2000\/svg\" viewBox=\"0 0 512 512\"><path fill=\"currentColor\" d=\"M500 168h-55l-8-21a127 127 0 00-120-83H195a127 127 0 00-120 83l-8 21H12c-8 0-14 8-11 16l8 24a12 12 0 0011 8h29a64 64 0 00-33 56v48c0 16 6 31 16 42v62c0 13 11 24 24 24h48c13 0 24-11 24-24v-40h256v40c0 13 11 24 24 24h48c13 0 24-11 24-24v-62c10-11 16-26 16-42v-48c0-24-13-45-33-56h29a12 12 0 0011-8l8-24c3-8-3-16-11-16zm-365 2c9-25 33-42 60-42h122c27 0 51 17 60 42l15 38H120l15-38zM88 328a32 32 0 010-64c18 0 48 30 48 48s-30 16-48 16zm336 0c-18 0-48 2-48-16s30-48 48-48 32 14 32 32-14 32-32 32z\"\/><\/svg><\/label><label><input aria-label=\"3\" type=\"radio\" name=\"kc_captcha\" value=\"kc_human\" \/><svg aria-hidden=\"true\" role=\"img\" xmlns=\"http:\/\/www.w3.org\/2000\/svg\" viewBox=\"0 0 640 512\"><path fill=\"currentColor\" d=\"M192 384h192c53 0 96-43 96-96h32a128 128 0 000-256H120c-13 0-24 11-24 24v232c0 53 43 96 96 96zM512 96a64 64 0 010 128h-32V96h32zm48 384H48c-47 0-61-64-36-64h584c25 0 11 64-36 64z\"\/><\/svg><\/label>\r\n    <\/span>\r\n    <span style=\"display:none\">\r\n        <input type=\"text\" name=\"kc_honeypot\">\r\n    <\/span><\/span><\/span>\n<\/p>\n<p><input class=\"wpcf7-form-control wpcf7-submit has-spinner\" type=\"submit\" value=\"PO\u0160ALJI\" \/>\n<\/p><p style=\"display: none !important;\" class=\"akismet-fields-container\" data-prefix=\"_wpcf7_ak_\"><label>&#916;<textarea name=\"_wpcf7_ak_hp_textarea\" cols=\"45\" rows=\"8\" maxlength=\"100\"><\/textarea><\/label><input type=\"hidden\" id=\"ak_js_1\" name=\"_wpcf7_ak_js\" value=\"17\"\/><script>document.getElementById( \"ak_js_1\" ).setAttribute( \"value\", ( new Date() ).getTime() );<\/script><\/p><div class=\"wpcf7-response-output\" aria-hidden=\"true\"><\/div>\n<\/form>\n<\/div>\n<\/div>\n\n\n\n<div style=\"height:100px\" aria-hidden=\"true\" class=\"wp-block-spacer\"><\/div>\n","protected":false},"excerpt":{"rendered":"<p>Ako vas zanima kako po\u010deti 365 projekt, \u0161to je uop\u0107e 365 projekt, kako uspjeti ili neko drugo pitanje, slobodno ga po\u0161aljite, rado \u0107emo odgovoriti. \u017dELITE NAU\u010cITI FOTOGRAFIRATI? \u017delite nau\u010diti fotografirati i sami krenuti u &#8220;365 projekt&#8221;?Svaki foto te\u010daj ima neke svoje specifi\u010dnosti, pa je najbolje informirati se na Fotonauk web stranici i odabrati te\u010daj fotografije koji vama najvi\u0161e odgovara. PO\u0160ALJITE NAM PITANJE ILI KOMENTAR ZA &#8220;PROJEKT 365&#8221;<\/p>\n","protected":false},"author":1,"featured_media":178,"parent":0,"menu_order":0,"comment_status":"closed","ping_status":"closed","template":"","meta":{"footnotes":""},"class_list":["post-164","page","type-page","status-publish","has-post-thumbnail","hentry"],"yoast_head":"<!-- This site is optimized with the Yoast SEO plugin v27.4 - https:\/\/yoast.com\/product\/yoast-seo-wordpress\/ -->\n<title>Kontakt - Foto projekt 365<\/title>\n<meta name=\"description\" content=\"Kontakt - kako uspjeti u projektu 365 i \u0161to je 365 projekt. Ako imate neko drugo pitanje ili poruku slobodno po\u0161aljite, rado \u0107emo odgovoriti.\" \/>\n<meta name=\"robots\" content=\"index, follow, max-snippet:-1, max-image-preview:large, max-video-preview:-1\" \/>\n<link rel=\"canonical\" href=\"https:\/\/fotonauk.com\/fotoprojekt365\/kontakt\/\" \/>\n<meta property=\"og:locale\" content=\"hr_HR\" \/>\n<meta property=\"og:type\" content=\"article\" \/>\n<meta property=\"og:title\" content=\"Kontakt - Foto projekt 365\" \/>\n<meta property=\"og:description\" content=\"Kontakt - kako uspjeti u projektu 365 i \u0161to je 365 projekt. Ako imate neko drugo pitanje ili poruku slobodno po\u0161aljite, rado \u0107emo odgovoriti.\" \/>\n<meta property=\"og:url\" content=\"https:\/\/fotonauk.com\/fotoprojekt365\/kontakt\/\" \/>\n<meta property=\"og:site_name\" content=\"Foto projekt 365\" \/>\n<meta property=\"article:publisher\" content=\"https:\/\/www.facebook.com\/Fotonauk\" \/>\n<meta property=\"article:modified_time\" content=\"2025-11-30T11:15:15+00:00\" \/>\n<meta property=\"og:image\" content=\"https:\/\/fotonauk.com\/fotoprojekt365\/wp-content\/uploads\/2025\/11\/Fotonauk-kontakt-projekt-365.jpg\" \/>\n\t<meta property=\"og:image:width\" content=\"1200\" \/>\n\t<meta property=\"og:image:height\" content=\"800\" \/>\n\t<meta property=\"og:image:type\" content=\"image\/jpeg\" \/>\n<meta name=\"twitter:card\" content=\"summary_large_image\" \/>\n<meta name=\"twitter:label1\" content=\"Procijenjeno vrijeme \u010ditanja\" \/>\n\t<meta name=\"twitter:data1\" content=\"2 minute\" \/>\n<script type=\"application\/ld+json\" class=\"yoast-schema-graph\">{\"@context\":\"https:\\\/\\\/schema.org\",\"@graph\":[{\"@type\":\"WebPage\",\"@id\":\"https:\\\/\\\/fotonauk.com\\\/fotoprojekt365\\\/kontakt\\\/\",\"url\":\"https:\\\/\\\/fotonauk.com\\\/fotoprojekt365\\\/kontakt\\\/\",\"name\":\"Kontakt - Foto projekt 365\",\"isPartOf\":{\"@id\":\"https:\\\/\\\/fotonauk.com\\\/fotoprojekt365\\\/#website\"},\"primaryImageOfPage\":{\"@id\":\"https:\\\/\\\/fotonauk.com\\\/fotoprojekt365\\\/kontakt\\\/#primaryimage\"},\"image\":{\"@id\":\"https:\\\/\\\/fotonauk.com\\\/fotoprojekt365\\\/kontakt\\\/#primaryimage\"},\"thumbnailUrl\":\"https:\\\/\\\/fotonauk.com\\\/fotoprojekt365\\\/wp-content\\\/uploads\\\/2025\\\/11\\\/Fotonauk-kontakt-projekt-365.jpg\",\"datePublished\":\"2025-11-18T20:34:00+00:00\",\"dateModified\":\"2025-11-30T11:15:15+00:00\",\"description\":\"Kontakt - kako uspjeti u projektu 365 i \u0161to je 365 projekt. Ako imate neko drugo pitanje ili poruku slobodno po\u0161aljite, rado \u0107emo odgovoriti.\",\"breadcrumb\":{\"@id\":\"https:\\\/\\\/fotonauk.com\\\/fotoprojekt365\\\/kontakt\\\/#breadcrumb\"},\"inLanguage\":\"hr\",\"potentialAction\":[{\"@type\":\"ReadAction\",\"target\":[\"https:\\\/\\\/fotonauk.com\\\/fotoprojekt365\\\/kontakt\\\/\"]}]},{\"@type\":\"ImageObject\",\"inLanguage\":\"hr\",\"@id\":\"https:\\\/\\\/fotonauk.com\\\/fotoprojekt365\\\/kontakt\\\/#primaryimage\",\"url\":\"https:\\\/\\\/fotonauk.com\\\/fotoprojekt365\\\/wp-content\\\/uploads\\\/2025\\\/11\\\/Fotonauk-kontakt-projekt-365.jpg\",\"contentUrl\":\"https:\\\/\\\/fotonauk.com\\\/fotoprojekt365\\\/wp-content\\\/uploads\\\/2025\\\/11\\\/Fotonauk-kontakt-projekt-365.jpg\",\"width\":1200,\"height\":800,\"caption\":\"Fotonauk kontakt projekt 365\"},{\"@type\":\"BreadcrumbList\",\"@id\":\"https:\\\/\\\/fotonauk.com\\\/fotoprojekt365\\\/kontakt\\\/#breadcrumb\",\"itemListElement\":[{\"@type\":\"ListItem\",\"position\":1,\"name\":\"Po\u010detna stranica\",\"item\":\"https:\\\/\\\/fotonauk.com\\\/fotoprojekt365\\\/\"},{\"@type\":\"ListItem\",\"position\":2,\"name\":\"Kontakt\"}]},{\"@type\":\"WebSite\",\"@id\":\"https:\\\/\\\/fotonauk.com\\\/fotoprojekt365\\\/#website\",\"url\":\"https:\\\/\\\/fotonauk.com\\\/fotoprojekt365\\\/\",\"name\":\"fotoprojekt 365\",\"description\":\"Samostalni jednogodi\u0161nji Fotografski projekt 365\",\"publisher\":{\"@id\":\"https:\\\/\\\/fotonauk.com\\\/fotoprojekt365\\\/#organization\"},\"potentialAction\":[{\"@type\":\"SearchAction\",\"target\":{\"@type\":\"EntryPoint\",\"urlTemplate\":\"https:\\\/\\\/fotonauk.com\\\/fotoprojekt365\\\/?s={search_term_string}\"},\"query-input\":{\"@type\":\"PropertyValueSpecification\",\"valueRequired\":true,\"valueName\":\"search_term_string\"}}],\"inLanguage\":\"hr\"},{\"@type\":\"Organization\",\"@id\":\"https:\\\/\\\/fotonauk.com\\\/fotoprojekt365\\\/#organization\",\"name\":\"fotoprojekt 365\",\"url\":\"https:\\\/\\\/fotonauk.com\\\/fotoprojekt365\\\/\",\"logo\":{\"@type\":\"ImageObject\",\"inLanguage\":\"hr\",\"@id\":\"https:\\\/\\\/fotonauk.com\\\/fotoprojekt365\\\/#\\\/schema\\\/logo\\\/image\\\/\",\"url\":\"https:\\\/\\\/fotonauk.com\\\/fotoprojekt365\\\/wp-content\\\/uploads\\\/2025\\\/11\\\/cropped-365projekt.jpg\",\"contentUrl\":\"https:\\\/\\\/fotonauk.com\\\/fotoprojekt365\\\/wp-content\\\/uploads\\\/2025\\\/11\\\/cropped-365projekt.jpg\",\"width\":512,\"height\":512,\"caption\":\"fotoprojekt 365\"},\"image\":{\"@id\":\"https:\\\/\\\/fotonauk.com\\\/fotoprojekt365\\\/#\\\/schema\\\/logo\\\/image\\\/\"},\"sameAs\":[\"https:\\\/\\\/www.facebook.com\\\/Fotonauk\",\"https:\\\/\\\/www.instagram.com\\\/fotonauk\\\/\"]}]}<\/script>\n<!-- \/ Yoast SEO plugin. -->","yoast_head_json":{"title":"Kontakt - Foto projekt 365","description":"Kontakt - kako uspjeti u projektu 365 i \u0161to je 365 projekt. Ako imate neko drugo pitanje ili poruku slobodno po\u0161aljite, rado \u0107emo odgovoriti.","robots":{"index":"index","follow":"follow","max-snippet":"max-snippet:-1","max-image-preview":"max-image-preview:large","max-video-preview":"max-video-preview:-1"},"canonical":"https:\/\/fotonauk.com\/fotoprojekt365\/kontakt\/","og_locale":"hr_HR","og_type":"article","og_title":"Kontakt - Foto projekt 365","og_description":"Kontakt - kako uspjeti u projektu 365 i \u0161to je 365 projekt. Ako imate neko drugo pitanje ili poruku slobodno po\u0161aljite, rado \u0107emo odgovoriti.","og_url":"https:\/\/fotonauk.com\/fotoprojekt365\/kontakt\/","og_site_name":"Foto projekt 365","article_publisher":"https:\/\/www.facebook.com\/Fotonauk","article_modified_time":"2025-11-30T11:15:15+00:00","og_image":[{"width":1200,"height":800,"url":"https:\/\/fotonauk.com\/fotoprojekt365\/wp-content\/uploads\/2025\/11\/Fotonauk-kontakt-projekt-365.jpg","type":"image\/jpeg"}],"twitter_card":"summary_large_image","twitter_misc":{"Procijenjeno vrijeme \u010ditanja":"2 minute"},"schema":{"@context":"https:\/\/schema.org","@graph":[{"@type":"WebPage","@id":"https:\/\/fotonauk.com\/fotoprojekt365\/kontakt\/","url":"https:\/\/fotonauk.com\/fotoprojekt365\/kontakt\/","name":"Kontakt - Foto projekt 365","isPartOf":{"@id":"https:\/\/fotonauk.com\/fotoprojekt365\/#website"},"primaryImageOfPage":{"@id":"https:\/\/fotonauk.com\/fotoprojekt365\/kontakt\/#primaryimage"},"image":{"@id":"https:\/\/fotonauk.com\/fotoprojekt365\/kontakt\/#primaryimage"},"thumbnailUrl":"https:\/\/fotonauk.com\/fotoprojekt365\/wp-content\/uploads\/2025\/11\/Fotonauk-kontakt-projekt-365.jpg","datePublished":"2025-11-18T20:34:00+00:00","dateModified":"2025-11-30T11:15:15+00:00","description":"Kontakt - kako uspjeti u projektu 365 i \u0161to je 365 projekt. Ako imate neko drugo pitanje ili poruku slobodno po\u0161aljite, rado \u0107emo odgovoriti.","breadcrumb":{"@id":"https:\/\/fotonauk.com\/fotoprojekt365\/kontakt\/#breadcrumb"},"inLanguage":"hr","potentialAction":[{"@type":"ReadAction","target":["https:\/\/fotonauk.com\/fotoprojekt365\/kontakt\/"]}]},{"@type":"ImageObject","inLanguage":"hr","@id":"https:\/\/fotonauk.com\/fotoprojekt365\/kontakt\/#primaryimage","url":"https:\/\/fotonauk.com\/fotoprojekt365\/wp-content\/uploads\/2025\/11\/Fotonauk-kontakt-projekt-365.jpg","contentUrl":"https:\/\/fotonauk.com\/fotoprojekt365\/wp-content\/uploads\/2025\/11\/Fotonauk-kontakt-projekt-365.jpg","width":1200,"height":800,"caption":"Fotonauk kontakt projekt 365"},{"@type":"BreadcrumbList","@id":"https:\/\/fotonauk.com\/fotoprojekt365\/kontakt\/#breadcrumb","itemListElement":[{"@type":"ListItem","position":1,"name":"Po\u010detna stranica","item":"https:\/\/fotonauk.com\/fotoprojekt365\/"},{"@type":"ListItem","position":2,"name":"Kontakt"}]},{"@type":"WebSite","@id":"https:\/\/fotonauk.com\/fotoprojekt365\/#website","url":"https:\/\/fotonauk.com\/fotoprojekt365\/","name":"fotoprojekt 365","description":"Samostalni jednogodi\u0161nji Fotografski projekt 365","publisher":{"@id":"https:\/\/fotonauk.com\/fotoprojekt365\/#organization"},"potentialAction":[{"@type":"SearchAction","target":{"@type":"EntryPoint","urlTemplate":"https:\/\/fotonauk.com\/fotoprojekt365\/?s={search_term_string}"},"query-input":{"@type":"PropertyValueSpecification","valueRequired":true,"valueName":"search_term_string"}}],"inLanguage":"hr"},{"@type":"Organization","@id":"https:\/\/fotonauk.com\/fotoprojekt365\/#organization","name":"fotoprojekt 365","url":"https:\/\/fotonauk.com\/fotoprojekt365\/","logo":{"@type":"ImageObject","inLanguage":"hr","@id":"https:\/\/fotonauk.com\/fotoprojekt365\/#\/schema\/logo\/image\/","url":"https:\/\/fotonauk.com\/fotoprojekt365\/wp-content\/uploads\/2025\/11\/cropped-365projekt.jpg","contentUrl":"https:\/\/fotonauk.com\/fotoprojekt365\/wp-content\/uploads\/2025\/11\/cropped-365projekt.jpg","width":512,"height":512,"caption":"fotoprojekt 365"},"image":{"@id":"https:\/\/fotonauk.com\/fotoprojekt365\/#\/schema\/logo\/image\/"},"sameAs":["https:\/\/www.facebook.com\/Fotonauk","https:\/\/www.instagram.com\/fotonauk\/"]}]}},"_links":{"self":[{"href":"https:\/\/fotonauk.com\/fotoprojekt365\/wp-json\/wp\/v2\/pages\/164","targetHints":{"allow":["GET"]}}],"collection":[{"href":"https:\/\/fotonauk.com\/fotoprojekt365\/wp-json\/wp\/v2\/pages"}],"about":[{"href":"https:\/\/fotonauk.com\/fotoprojekt365\/wp-json\/wp\/v2\/types\/page"}],"author":[{"embeddable":true,"href":"https:\/\/fotonauk.com\/fotoprojekt365\/wp-json\/wp\/v2\/users\/1"}],"replies":[{"embeddable":true,"href":"https:\/\/fotonauk.com\/fotoprojekt365\/wp-json\/wp\/v2\/comments?post=164"}],"version-history":[{"count":3,"href":"https:\/\/fotonauk.com\/fotoprojekt365\/wp-json\/wp\/v2\/pages\/164\/revisions"}],"predecessor-version":[{"id":179,"href":"https:\/\/fotonauk.com\/fotoprojekt365\/wp-json\/wp\/v2\/pages\/164\/revisions\/179"}],"wp:featuredmedia":[{"embeddable":true,"href":"https:\/\/fotonauk.com\/fotoprojekt365\/wp-json\/wp\/v2\/media\/178"}],"wp:attachment":[{"href":"https:\/\/fotonauk.com\/fotoprojekt365\/wp-json\/wp\/v2\/media?parent=164"}],"curies":[{"name":"wp","href":"https:\/\/api.w.org\/{rel}","templated":true}]}}